{"id":287,"date":"2020-07-09T15:19:40","date_gmt":"2020-07-09T18:19:40","guid":{"rendered":"http:\/\/ve.agr.br\/site\/?page_id=287"},"modified":"2020-07-09T15:50:28","modified_gmt":"2020-07-09T18:50:28","slug":"portfolio","status":"publish","type":"page","link":"https:\/\/ve.agr.br\/site\/portfolio\/","title":{"rendered":"Portf\u00f3lio"},"content":{"rendered":"\n<div class=\"wp-block-columns\">\n<div class=\"wp-block-column\" style=\"flex-basis:43.5%\">\n<figure class=\"wp-block-gallery columns-2 is-cropped\"><ul class=\"blocks-gallery-grid\"><li class=\"blocks-gallery-item\"><figure><a href=\"http:\/\/ve.agr.br\/site\/wp-content\/uploads\/2020\/06\/usina02.jpg\"><img width=\"900\" height=\"506\" src=\"http:\/\/ve.agr.br\/site\/wp-content\/uploads\/2020\/06\/usina02.jpg\" alt=\"\" data-id=\"178\" data-full-url=\"http:\/\/ve.agr.br\/site\/wp-content\/uploads\/2020\/06\/usina02.jpg\" data-link=\"http:\/\/ve.agr.br\/site\/usinas-solares\/usina02\/\" class=\"wp-image-178\" srcset=\"https:\/\/ve.agr.br\/site\/wp-content\/uploads\/2020\/06\/usina02.jpg 900w, https:\/\/ve.agr.br\/site\/wp-content\/uploads\/2020\/06\/usina02-300x169.jpg 300w, https:\/\/ve.agr.br\/site\/wp-content\/uploads\/2020\/06\/usina02-768x432.jpg 768w, https:\/\/ve.agr.br\/site\/wp-content\/uploads\/2020\/06\/usina02-830x467.jpg 830w, https:\/\/ve.agr.br\/site\/wp-content\/uploads\/2020\/06\/usina02-230x129.jpg 230w\" sizes=\"(max-width: 900px) 100vw, 900px\" \/><\/a><\/figure><\/li><li class=\"blocks-gallery-item\"><figure><a href=\"http:\/\/ve.agr.br\/site\/wp-content\/uploads\/2020\/06\/usina01.jpg\"><img width=\"900\" height=\"506\" src=\"http:\/\/ve.agr.br\/site\/wp-content\/uploads\/2020\/06\/usina01.jpg\" alt=\"\" data-id=\"179\" data-full-url=\"http:\/\/ve.agr.br\/site\/wp-content\/uploads\/2020\/06\/usina01.jpg\" data-link=\"http:\/\/ve.agr.br\/site\/usinas-solares\/usina01\/\" class=\"wp-image-179\" srcset=\"https:\/\/ve.agr.br\/site\/wp-content\/uploads\/2020\/06\/usina01.jpg 900w, https:\/\/ve.agr.br\/site\/wp-content\/uploads\/2020\/06\/usina01-300x169.jpg 300w, https:\/\/ve.agr.br\/site\/wp-content\/uploads\/2020\/06\/usina01-768x432.jpg 768w, https:\/\/ve.agr.br\/site\/wp-content\/uploads\/2020\/06\/usina01-830x467.jpg 830w, https:\/\/ve.agr.br\/site\/wp-content\/uploads\/2020\/06\/usina01-230x129.jpg 230w\" sizes=\"(max-width: 900px) 100vw, 900px\" \/><\/a><\/figure><\/li><li class=\"blocks-gallery-item\"><figure><a href=\"http:\/\/ve.agr.br\/site\/wp-content\/uploads\/2020\/06\/usina04.jpg\"><img width=\"900\" height=\"506\" src=\"http:\/\/ve.agr.br\/site\/wp-content\/uploads\/2020\/06\/usina04.jpg\" alt=\"\" data-id=\"176\" data-full-url=\"http:\/\/ve.agr.br\/site\/wp-content\/uploads\/2020\/06\/usina04.jpg\" data-link=\"http:\/\/ve.agr.br\/site\/usinas-solares\/usina04\/\" class=\"wp-image-176\" srcset=\"https:\/\/ve.agr.br\/site\/wp-content\/uploads\/2020\/06\/usina04.jpg 900w, https:\/\/ve.agr.br\/site\/wp-content\/uploads\/2020\/06\/usina04-300x169.jpg 300w, https:\/\/ve.agr.br\/site\/wp-content\/uploads\/2020\/06\/usina04-768x432.jpg 768w, https:\/\/ve.agr.br\/site\/wp-content\/uploads\/2020\/06\/usina04-830x467.jpg 830w, https:\/\/ve.agr.br\/site\/wp-content\/uploads\/2020\/06\/usina04-230x129.jpg 230w\" sizes=\"(max-width: 900px) 100vw, 900px\" \/><\/a><\/figure><\/li><li class=\"blocks-gallery-item\"><figure><a href=\"http:\/\/ve.agr.br\/site\/wp-content\/uploads\/2020\/06\/usina03.jpg\"><img width=\"1024\" height=\"431\" src=\"http:\/\/ve.agr.br\/site\/wp-content\/uploads\/2020\/06\/usina03-1024x431.jpg\" alt=\"\" data-id=\"177\" data-full-url=\"http:\/\/ve.agr.br\/site\/wp-content\/uploads\/2020\/06\/usina03.jpg\" data-link=\"http:\/\/ve.agr.br\/site\/usinas-solares\/usina03\/\" class=\"wp-image-177\" srcset=\"https:\/\/ve.agr.br\/site\/wp-content\/uploads\/2020\/06\/usina03-1024x431.jpg 1024w, https:\/\/ve.agr.br\/site\/wp-content\/uploads\/2020\/06\/usina03-300x126.jpg 300w, https:\/\/ve.agr.br\/site\/wp-content\/uploads\/2020\/06\/usina03-768x323.jpg 768w, https:\/\/ve.agr.br\/site\/wp-content\/uploads\/2020\/06\/usina03-1536x646.jpg 1536w, https:\/\/ve.agr.br\/site\/wp-content\/uploads\/2020\/06\/usina03-830x349.jpg 830w, https:\/\/ve.agr.br\/site\/wp-content\/uploads\/2020\/06\/usina03-230x97.jpg 230w, https:\/\/ve.agr.br\/site\/wp-content\/uploads\/2020\/06\/usina03.jpg 2048w\" sizes=\"(max-width: 1024px) 100vw, 1024px\" \/><\/a><\/figure><\/li><\/ul><\/figure>\n\n\n\n<p><\/p>\n<\/div>\n\n\n\n<div class=\"wp-block-column\" style=\"flex-basis:66.66%\">\n<h3 class=\"has-very-dark-gray-color has-text-color\">Usinas solares<\/h3>\n\n\n\n<p>Somos pioneiros na constru\u00e7\u00e3o de usinas solares no Brasil utilizando a tecnologia de pr\u00e9-moldados na estrutura\u00e7\u00e3o dos m\u00f3dulos solares, garantido uma melhor estabilidade contra ventos e a modularidade do sistema.<\/p>\n<\/div>\n<\/div>\n\n\n\n<hr class=\"wp-block-separator has-text-color has-background has-vivid-red-background-color has-vivid-red-color is-style-wide\"\/>\n\n\n\n<div class=\"wp-block-columns has-background has-very-light-gray-background-color\">\n<div class=\"wp-block-column\" style=\"flex-basis:43.5%\">\n<figure class=\"wp-block-gallery columns-3 is-cropped\"><ul class=\"blocks-gallery-grid\"><li class=\"blocks-gallery-item\"><figure><a href=\"http:\/\/ve.agr.br\/site\/wp-content\/uploads\/2020\/06\/instalacoes-eletricas-044.jpg\"><img width=\"720\" height=\"960\" src=\"http:\/\/ve.agr.br\/site\/wp-content\/uploads\/2020\/06\/instalacoes-eletricas-044.jpg\" alt=\"\" data-id=\"153\" data-full-url=\"http:\/\/ve.agr.br\/site\/wp-content\/uploads\/2020\/06\/instalacoes-eletricas-044.jpg\" data-link=\"http:\/\/ve.agr.br\/site\/instalacoes-eletricas\/instalacoes-eletricas-044\/\" class=\"wp-image-153\" srcset=\"https:\/\/ve.agr.br\/site\/wp-content\/uploads\/2020\/06\/instalacoes-eletricas-044.jpg 720w, https:\/\/ve.agr.br\/site\/wp-content\/uploads\/2020\/06\/instalacoes-eletricas-044-225x300.jpg 225w, https:\/\/ve.agr.br\/site\/wp-content\/uploads\/2020\/06\/instalacoes-eletricas-044-230x307.jpg 230w\" sizes=\"(max-width: 720px) 100vw, 720px\" \/><\/a><\/figure><\/li><li class=\"blocks-gallery-item\"><figure><a href=\"http:\/\/ve.agr.br\/site\/wp-content\/uploads\/2020\/06\/instalacoes-eletricas-02.jpg\"><img width=\"960\" height=\"720\" src=\"http:\/\/ve.agr.br\/site\/wp-content\/uploads\/2020\/06\/instalacoes-eletricas-02.jpg\" alt=\"\" data-id=\"151\" data-full-url=\"http:\/\/ve.agr.br\/site\/wp-content\/uploads\/2020\/06\/instalacoes-eletricas-02.jpg\" data-link=\"http:\/\/ve.agr.br\/site\/instalacoes-eletricas\/instalacoes-eletricas-02\/\" class=\"wp-image-151\" srcset=\"https:\/\/ve.agr.br\/site\/wp-content\/uploads\/2020\/06\/instalacoes-eletricas-02.jpg 960w, https:\/\/ve.agr.br\/site\/wp-content\/uploads\/2020\/06\/instalacoes-eletricas-02-300x225.jpg 300w, https:\/\/ve.agr.br\/site\/wp-content\/uploads\/2020\/06\/instalacoes-eletricas-02-768x576.jpg 768w, https:\/\/ve.agr.br\/site\/wp-content\/uploads\/2020\/06\/instalacoes-eletricas-02-830x623.jpg 830w, https:\/\/ve.agr.br\/site\/wp-content\/uploads\/2020\/06\/instalacoes-eletricas-02-230x173.jpg 230w\" sizes=\"(max-width: 960px) 100vw, 960px\" \/><\/a><\/figure><\/li><li class=\"blocks-gallery-item\"><figure><a href=\"http:\/\/ve.agr.br\/site\/wp-content\/uploads\/2020\/06\/instalacoes-eletricas-03.jpg\"><img width=\"960\" height=\"720\" src=\"http:\/\/ve.agr.br\/site\/wp-content\/uploads\/2020\/06\/instalacoes-eletricas-03.jpg\" alt=\"\" data-id=\"152\" data-full-url=\"http:\/\/ve.agr.br\/site\/wp-content\/uploads\/2020\/06\/instalacoes-eletricas-03.jpg\" data-link=\"http:\/\/ve.agr.br\/site\/instalacoes-eletricas\/instalacoes-eletricas-03\/\" class=\"wp-image-152\" srcset=\"https:\/\/ve.agr.br\/site\/wp-content\/uploads\/2020\/06\/instalacoes-eletricas-03.jpg 960w, https:\/\/ve.agr.br\/site\/wp-content\/uploads\/2020\/06\/instalacoes-eletricas-03-300x225.jpg 300w, https:\/\/ve.agr.br\/site\/wp-content\/uploads\/2020\/06\/instalacoes-eletricas-03-768x576.jpg 768w, https:\/\/ve.agr.br\/site\/wp-content\/uploads\/2020\/06\/instalacoes-eletricas-03-830x623.jpg 830w, https:\/\/ve.agr.br\/site\/wp-content\/uploads\/2020\/06\/instalacoes-eletricas-03-230x173.jpg 230w\" sizes=\"(max-width: 960px) 100vw, 960px\" \/><\/a><\/figure><\/li><li class=\"blocks-gallery-item\"><figure><a href=\"http:\/\/ve.agr.br\/site\/wp-content\/uploads\/2020\/06\/instalacoes-eletricas-01.jpg\"><img width=\"960\" height=\"720\" src=\"http:\/\/ve.agr.br\/site\/wp-content\/uploads\/2020\/06\/instalacoes-eletricas-01.jpg\" alt=\"\" data-id=\"150\" data-full-url=\"http:\/\/ve.agr.br\/site\/wp-content\/uploads\/2020\/06\/instalacoes-eletricas-01.jpg\" data-link=\"http:\/\/ve.agr.br\/site\/instalacoes-eletricas\/instalacoes-eletricas-01\/\" class=\"wp-image-150\" srcset=\"https:\/\/ve.agr.br\/site\/wp-content\/uploads\/2020\/06\/instalacoes-eletricas-01.jpg 960w, https:\/\/ve.agr.br\/site\/wp-content\/uploads\/2020\/06\/instalacoes-eletricas-01-300x225.jpg 300w, https:\/\/ve.agr.br\/site\/wp-content\/uploads\/2020\/06\/instalacoes-eletricas-01-768x576.jpg 768w, https:\/\/ve.agr.br\/site\/wp-content\/uploads\/2020\/06\/instalacoes-eletricas-01-830x623.jpg 830w, https:\/\/ve.agr.br\/site\/wp-content\/uploads\/2020\/06\/instalacoes-eletricas-01-230x173.jpg 230w\" sizes=\"(max-width: 960px) 100vw, 960px\" \/><\/a><\/figure><\/li><li class=\"blocks-gallery-item\"><figure><a href=\"http:\/\/ve.agr.br\/site\/wp-content\/uploads\/2020\/06\/instalacoes-eletricas-06.jpg\"><img width=\"702\" height=\"533\" src=\"http:\/\/ve.agr.br\/site\/wp-content\/uploads\/2020\/06\/instalacoes-eletricas-06.jpg\" alt=\"\" data-id=\"155\" data-full-url=\"http:\/\/ve.agr.br\/site\/wp-content\/uploads\/2020\/06\/instalacoes-eletricas-06.jpg\" data-link=\"http:\/\/ve.agr.br\/site\/instalacoes-eletricas\/instalacoes-eletricas-06\/\" class=\"wp-image-155\" srcset=\"https:\/\/ve.agr.br\/site\/wp-content\/uploads\/2020\/06\/instalacoes-eletricas-06.jpg 702w, https:\/\/ve.agr.br\/site\/wp-content\/uploads\/2020\/06\/instalacoes-eletricas-06-300x228.jpg 300w, https:\/\/ve.agr.br\/site\/wp-content\/uploads\/2020\/06\/instalacoes-eletricas-06-230x175.jpg 230w\" sizes=\"(max-width: 702px) 100vw, 702px\" \/><\/a><\/figure><\/li><li class=\"blocks-gallery-item\"><figure><a href=\"http:\/\/ve.agr.br\/site\/wp-content\/uploads\/2020\/06\/instalacoes-eletricas-05.jpg\"><img width=\"720\" height=\"960\" src=\"http:\/\/ve.agr.br\/site\/wp-content\/uploads\/2020\/06\/instalacoes-eletricas-05.jpg\" alt=\"\" data-id=\"156\" data-full-url=\"http:\/\/ve.agr.br\/site\/wp-content\/uploads\/2020\/06\/instalacoes-eletricas-05.jpg\" data-link=\"http:\/\/ve.agr.br\/site\/instalacoes-eletricas\/instalacoes-eletricas-05\/\" class=\"wp-image-156\" srcset=\"https:\/\/ve.agr.br\/site\/wp-content\/uploads\/2020\/06\/instalacoes-eletricas-05.jpg 720w, https:\/\/ve.agr.br\/site\/wp-content\/uploads\/2020\/06\/instalacoes-eletricas-05-225x300.jpg 225w, https:\/\/ve.agr.br\/site\/wp-content\/uploads\/2020\/06\/instalacoes-eletricas-05-230x307.jpg 230w\" sizes=\"(max-width: 720px) 100vw, 720px\" \/><\/a><\/figure><\/li><\/ul><\/figure>\n<\/div>\n\n\n\n<div class=\"wp-block-column\" style=\"flex-basis:66.66%\">\n<h3 class=\"has-very-dark-gray-color has-text-color\">Instala\u00e7\u00f5es El\u00e9tricas<\/h3>\n\n\n\n<p>Buscamos desenvolver sempre o melhor projeto e consequentemente a melhor instala\u00e7\u00e3o el\u00e9trica, observado as tecnologias atuais a cada setor dos processos do Agroneg\u00f3cio prezando pela qualidade e durabilidade das instala\u00e7\u00f5es.<\/p>\n<\/div>\n<\/div>\n\n\n\n<hr class=\"wp-block-separator has-text-color has-background has-vivid-red-background-color has-vivid-red-color is-style-wide\"\/>\n\n\n\n<div class=\"wp-block-columns\">\n<div class=\"wp-block-column\" style=\"flex-basis:43.5%\">\n<figure class=\"wp-block-gallery columns-3 is-cropped\"><ul class=\"blocks-gallery-grid\"><li class=\"blocks-gallery-item\"><figure><img width=\"960\" height=\"720\" src=\"http:\/\/ve.agr.br\/site\/wp-content\/uploads\/2020\/06\/subestacoes3-1.jpg\" alt=\"\" data-id=\"167\" data-full-url=\"http:\/\/ve.agr.br\/site\/wp-content\/uploads\/2020\/06\/subestacoes3-1.jpg\" data-link=\"http:\/\/ve.agr.br\/site\/instalacoes-eletricas\/subestacoes3-1\/\" class=\"wp-image-167\" srcset=\"https:\/\/ve.agr.br\/site\/wp-content\/uploads\/2020\/06\/subestacoes3-1.jpg 960w, https:\/\/ve.agr.br\/site\/wp-content\/uploads\/2020\/06\/subestacoes3-1-300x225.jpg 300w, https:\/\/ve.agr.br\/site\/wp-content\/uploads\/2020\/06\/subestacoes3-1-768x576.jpg 768w, https:\/\/ve.agr.br\/site\/wp-content\/uploads\/2020\/06\/subestacoes3-1-830x623.jpg 830w, https:\/\/ve.agr.br\/site\/wp-content\/uploads\/2020\/06\/subestacoes3-1-230x173.jpg 230w\" sizes=\"(max-width: 960px) 100vw, 960px\" \/><\/figure><\/li><li class=\"blocks-gallery-item\"><figure><img width=\"720\" height=\"960\" src=\"http:\/\/ve.agr.br\/site\/wp-content\/uploads\/2020\/06\/subestacoes2-1.jpg\" alt=\"\" data-id=\"168\" data-full-url=\"http:\/\/ve.agr.br\/site\/wp-content\/uploads\/2020\/06\/subestacoes2-1.jpg\" data-link=\"http:\/\/ve.agr.br\/site\/instalacoes-eletricas\/subestacoes2-1\/\" class=\"wp-image-168\" srcset=\"https:\/\/ve.agr.br\/site\/wp-content\/uploads\/2020\/06\/subestacoes2-1.jpg 720w, https:\/\/ve.agr.br\/site\/wp-content\/uploads\/2020\/06\/subestacoes2-1-225x300.jpg 225w, https:\/\/ve.agr.br\/site\/wp-content\/uploads\/2020\/06\/subestacoes2-1-230x307.jpg 230w\" sizes=\"(max-width: 720px) 100vw, 720px\" \/><\/figure><\/li><li class=\"blocks-gallery-item\"><figure><img width=\"720\" height=\"960\" src=\"http:\/\/ve.agr.br\/site\/wp-content\/uploads\/2020\/06\/subestacoes1.jpg\" alt=\"\" data-id=\"160\" data-full-url=\"http:\/\/ve.agr.br\/site\/wp-content\/uploads\/2020\/06\/subestacoes1.jpg\" data-link=\"http:\/\/ve.agr.br\/site\/instalacoes-eletricas\/subestacoes1\/\" class=\"wp-image-160\" srcset=\"https:\/\/ve.agr.br\/site\/wp-content\/uploads\/2020\/06\/subestacoes1.jpg 720w, https:\/\/ve.agr.br\/site\/wp-content\/uploads\/2020\/06\/subestacoes1-225x300.jpg 225w, https:\/\/ve.agr.br\/site\/wp-content\/uploads\/2020\/06\/subestacoes1-230x307.jpg 230w\" sizes=\"(max-width: 720px) 100vw, 720px\" \/><\/figure><\/li><\/ul><\/figure>\n<\/div>\n\n\n\n<div class=\"wp-block-column\" style=\"flex-basis:66.66%\">\n<h3 class=\"has-very-dark-gray-color has-text-color\">Subesta\u00e7\u00f5es de Energia El\u00e9trica<\/h3>\n\n\n\n<p>Montagem de subesta\u00e7\u00f5es de energia el\u00e9trica das classes de tens\u00e3o<strong>&nbsp;36, 25, 13kV&nbsp;<\/strong>nas mais diversas configura\u00e7\u00f5es, atendendo aos regulamentos das distribuidoras de energia el\u00e9trica e trabalhando no desenvolvimento dos projetos com no minimo uma \u201cPower clearance\u201d (folga de pot\u00eancia) de 20% da demanda calculada para o processo a fim de evitar aquecimento desnecess\u00e1rio ao sistema el\u00e9trico da instala\u00e7\u00e3o.<\/p>\n<\/div>\n<\/div>\n\n\n\n<div class=\"wp-block-columns has-background has-very-light-gray-background-color\">\n<div class=\"wp-block-column\" style=\"flex-basis:43.5%\">\n<figure class=\"wp-block-gallery columns-4 is-cropped\"><ul class=\"blocks-gallery-grid\"><li class=\"blocks-gallery-item\"><figure><a href=\"http:\/\/ve.agr.br\/site\/wp-content\/uploads\/2020\/06\/paineis-eletricos1.jpg\"><img width=\"960\" height=\"720\" src=\"http:\/\/ve.agr.br\/site\/wp-content\/uploads\/2020\/06\/paineis-eletricos1.jpg\" alt=\"\" data-id=\"174\" data-full-url=\"http:\/\/ve.agr.br\/site\/wp-content\/uploads\/2020\/06\/paineis-eletricos1.jpg\" data-link=\"http:\/\/ve.agr.br\/site\/instalacoes-eletricas\/paineis-eletricos1\/\" class=\"wp-image-174\" srcset=\"https:\/\/ve.agr.br\/site\/wp-content\/uploads\/2020\/06\/paineis-eletricos1.jpg 960w, https:\/\/ve.agr.br\/site\/wp-content\/uploads\/2020\/06\/paineis-eletricos1-300x225.jpg 300w, https:\/\/ve.agr.br\/site\/wp-content\/uploads\/2020\/06\/paineis-eletricos1-768x576.jpg 768w, https:\/\/ve.agr.br\/site\/wp-content\/uploads\/2020\/06\/paineis-eletricos1-830x623.jpg 830w, https:\/\/ve.agr.br\/site\/wp-content\/uploads\/2020\/06\/paineis-eletricos1-230x173.jpg 230w\" sizes=\"(max-width: 960px) 100vw, 960px\" \/><\/a><\/figure><\/li><li class=\"blocks-gallery-item\"><figure><a href=\"http:\/\/ve.agr.br\/site\/wp-content\/uploads\/2020\/06\/paineis-eletricos2.jpg\"><img width=\"501\" height=\"574\" src=\"http:\/\/ve.agr.br\/site\/wp-content\/uploads\/2020\/06\/paineis-eletricos2.jpg\" alt=\"\" data-id=\"173\" data-full-url=\"http:\/\/ve.agr.br\/site\/wp-content\/uploads\/2020\/06\/paineis-eletricos2.jpg\" data-link=\"http:\/\/ve.agr.br\/site\/instalacoes-eletricas\/paineis-eletricos2\/\" class=\"wp-image-173\" srcset=\"https:\/\/ve.agr.br\/site\/wp-content\/uploads\/2020\/06\/paineis-eletricos2.jpg 501w, https:\/\/ve.agr.br\/site\/wp-content\/uploads\/2020\/06\/paineis-eletricos2-262x300.jpg 262w, https:\/\/ve.agr.br\/site\/wp-content\/uploads\/2020\/06\/paineis-eletricos2-230x264.jpg 230w\" sizes=\"(max-width: 501px) 100vw, 501px\" \/><\/a><\/figure><\/li><li class=\"blocks-gallery-item\"><figure><a href=\"http:\/\/ve.agr.br\/site\/wp-content\/uploads\/2020\/06\/paineis-eletricos3.jpg\"><img width=\"945\" height=\"575\" src=\"http:\/\/ve.agr.br\/site\/wp-content\/uploads\/2020\/06\/paineis-eletricos3.jpg\" alt=\"\" data-id=\"172\" data-full-url=\"http:\/\/ve.agr.br\/site\/wp-content\/uploads\/2020\/06\/paineis-eletricos3.jpg\" data-link=\"http:\/\/ve.agr.br\/site\/instalacoes-eletricas\/paineis-eletricos3\/\" class=\"wp-image-172\" srcset=\"https:\/\/ve.agr.br\/site\/wp-content\/uploads\/2020\/06\/paineis-eletricos3.jpg 945w, https:\/\/ve.agr.br\/site\/wp-content\/uploads\/2020\/06\/paineis-eletricos3-300x183.jpg 300w, https:\/\/ve.agr.br\/site\/wp-content\/uploads\/2020\/06\/paineis-eletricos3-768x467.jpg 768w, https:\/\/ve.agr.br\/site\/wp-content\/uploads\/2020\/06\/paineis-eletricos3-830x505.jpg 830w, https:\/\/ve.agr.br\/site\/wp-content\/uploads\/2020\/06\/paineis-eletricos3-230x140.jpg 230w\" sizes=\"(max-width: 945px) 100vw, 945px\" \/><\/a><\/figure><\/li><li class=\"blocks-gallery-item\"><figure><a href=\"http:\/\/ve.agr.br\/site\/wp-content\/uploads\/2020\/06\/paineis-eletricos4.jpg\"><img width=\"960\" height=\"658\" src=\"http:\/\/ve.agr.br\/site\/wp-content\/uploads\/2020\/06\/paineis-eletricos4.jpg\" alt=\"\" data-id=\"171\" data-full-url=\"http:\/\/ve.agr.br\/site\/wp-content\/uploads\/2020\/06\/paineis-eletricos4.jpg\" data-link=\"http:\/\/ve.agr.br\/site\/instalacoes-eletricas\/paineis-eletricos4\/\" class=\"wp-image-171\" srcset=\"https:\/\/ve.agr.br\/site\/wp-content\/uploads\/2020\/06\/paineis-eletricos4.jpg 960w, https:\/\/ve.agr.br\/site\/wp-content\/uploads\/2020\/06\/paineis-eletricos4-300x206.jpg 300w, https:\/\/ve.agr.br\/site\/wp-content\/uploads\/2020\/06\/paineis-eletricos4-768x526.jpg 768w, https:\/\/ve.agr.br\/site\/wp-content\/uploads\/2020\/06\/paineis-eletricos4-830x569.jpg 830w, https:\/\/ve.agr.br\/site\/wp-content\/uploads\/2020\/06\/paineis-eletricos4-230x158.jpg 230w\" sizes=\"(max-width: 960px) 100vw, 960px\" \/><\/a><\/figure><\/li><\/ul><\/figure>\n<\/div>\n\n\n\n<div class=\"wp-block-column\" style=\"flex-basis:66.66%\">\n<h3 class=\"has-very-dark-gray-color has-text-color\">Pain\u00e9is para uso e controle da energia el\u00e9trica<\/h3>\n\n\n\n<p>Desenvolvemos projetos especiais para o controle de processos industriais para o setor do agroneg\u00f3cio com a melhor tecnologia e o custo x benef\u00edcio agregado.<\/p>\n<\/div>\n<\/div>\n\n\n\n<h2 class=\"has-very-dark-gray-color has-text-color\">Programa Gest\u00e3o da Energia (PGE)<\/h2>\n\n\n\n<p>O Programa Gest\u00e3o da Energia El\u00e9trica \u00e9 desenvolvido atrav\u00e9s de uma plataforma computacional algor\u00edtmica e patenteada pela empresa, desenvolvida especificamente para atendimento aos contratos de fornecimento de energia el\u00e9trica para o setor Rural\/Agropecu\u00e1rio e Irriga\u00e7\u00e3o.<\/p>\n\n\n\n<p>Objetiva ao ponto de evitar transtornos com faturamento de multas de energia el\u00e9trica. A plataforma entrega atrav\u00e9s de proje\u00e7\u00f5es matem\u00e1ticas e leituras t\u00e9cnicas a melhor proje\u00e7\u00e3o da contrata\u00e7\u00e3o de demanda e informa\u00e7\u00f5es necess\u00e1rias a corre\u00e7\u00e3o do fator de pot\u00eancia para evitar problemas com energia reativa.<\/p>\n\n\n\n<p>Com a gest\u00e3o mensal das faturas de energia el\u00e9trica associado as informa\u00e7\u00f5es t\u00e9cnicas das instala\u00e7\u00f5es, o programa entrega a cada final de contrato de fornecimento de energia o melhor rendimento de&nbsp;<strong>custo x benef\u00edcio<\/strong>&nbsp;no uso consciente da energia el\u00e9trica na propriedade.<\/p>\n","protected":false},"excerpt":{"rendered":"<p>Usinas solares Somos pioneiros na constru\u00e7\u00e3o de usinas solares no Brasil utilizando a tecnologia de pr\u00e9-moldados na estrutura\u00e7\u00e3o dos m\u00f3dulos solares, garantido uma melhor estabilidade contra ventos e a modularidade do sistema. Instala\u00e7\u00f5es El\u00e9tricas Buscamos desenvolver sempre o melhor projeto e consequentemente a melhor instala\u00e7\u00e3o el\u00e9trica, observado as tecnologias atuais a cada setor dos processos &#8230;.&nbsp;&nbsp;<a class=\" special\" href=\"https:\/\/ve.agr.br\/site\/portfolio\/\">Read More<\/a><\/p>\n","protected":false},"author":1,"featured_media":0,"parent":0,"menu_order":0,"comment_status":"closed","ping_status":"closed","template":"","meta":[],"_links":{"self":[{"href":"https:\/\/ve.agr.br\/site\/wp-json\/wp\/v2\/pages\/287"}],"collection":[{"href":"https:\/\/ve.agr.br\/site\/wp-json\/wp\/v2\/pages"}],"about":[{"href":"https:\/\/ve.agr.br\/site\/wp-json\/wp\/v2\/types\/page"}],"author":[{"embeddable":true,"href":"https:\/\/ve.agr.br\/site\/wp-json\/wp\/v2\/users\/1"}],"replies":[{"embeddable":true,"href":"https:\/\/ve.agr.br\/site\/wp-json\/wp\/v2\/comments?post=287"}],"version-history":[{"count":19,"href":"https:\/\/ve.agr.br\/site\/wp-json\/wp\/v2\/pages\/287\/revisions"}],"predecessor-version":[{"id":316,"href":"https:\/\/ve.agr.br\/site\/wp-json\/wp\/v2\/pages\/287\/revisions\/316"}],"wp:attachment":[{"href":"https:\/\/ve.agr.br\/site\/wp-json\/wp\/v2\/media?parent=287"}],"curies":[{"name":"wp","href":"https:\/\/api.w.org\/{rel}","templated":true}]}}